8 + 6827. Determine m(a).
-3
Let h = -3 - -9. Let k(i) = -2*i - 10. Let g(q) = -q - 1. Let b(v) = -10*v + 129. Let z be b(13). Let w(j) = z*k(j) + 4*g(j). What is w(h)?
-6
Let f(y) = -130*y + 99 - 358 + 152*y. What is f(12)?
5
Let m(r) = 6*r**2 + 40*r + 15. Suppose 565*a + 270 = 520*a. Calculate m(a).
-9
Let p(d) = -13*d**3. Let q(v) = 4*v**2 + 12*v. Let r be q(-3). Suppose r*c + 7 = -7*c. Calculate p(c).
13
Suppose -25*n - 25*n = 24*n + 592. Let h(f) be the third derivative of -f**4/24 - 5*f**3/2 - 27*f**2. Determine h(n).
-7
Let s(g) = -g**2 + g - 2. Let a(o) = -5*o**3 - 4*o**2 + 12. Let f be a(-2). Suppose 3*z = 2*z + 16. Suppose z*u - f = 25*u. Determine s(u).
-22
Suppose -4*m + 21 = -b, m = 4*b + 2*m + 33. Suppose 3*r - 8 = 7*r + 3*w, w + 4 = 0. Let k be 5 + b + (r - -10). Let u(p) = -p + 7. Give u(k).
0
Let v(d) = -d**2 + 14*d - 2. Suppose -33*t = -35 + 4 - 167. Give v(t).
46
Let n(m) = -14. Let g(p) = 3*p + 50. Let b(i) = g(i) + 5*n(i). What is b(4)?
-8
Let j(z) = 3*z**2 - 2*z - 8. Let q(u) = u**3 + u**2 - u + 1. Let r(y) = j(y) + q(y). Let o be (2 - -5)*-1 - -4. Let w be 516/(-96) - o/8. Calculate r(w).
-17
Let u(x) = 2*x - 7. Let i(c) = c**3 - 3*c + 3. Let r be i(2). Let z = 27 - 27. Suppose r*w = -5*b - 5 + 30, z = -2*w - 2. What is u(b)?
5
Let x(v) = -16*v**3 - 2*v**2 - 2. Let w(d) = 15*d**3 + 2*d**2 + 1. Let s be 4/(-2 - 0/1). Let q(z) = s*x(z) - 3*w(z). Let c = -3695 - -3694. Determine q(c).
12
Suppose -3*v = 5*l - 2*v - 1188, l = -4*v + 230. Suppose -l = 4*k - 11*k. Let n(y) = -k - y + 56 - 28. Determine n(-5).
-1
Let v = -14 + 8. Let k(u) = -234989*u**2 + 0*u + 234990*u**2 - 2*u - 5 + 7*u + 1. What is k(v)?
2
Let b(m) = -m - 9*m - 9*m**2 - 10 + 18*m + 8*m**2. What is b(0)?
-10
Let n(f) = 9*f - 933. Let x(u) = -10*u + 1027. Let t(v) = -11*n(v) - 10*x(v). What is t(1)?
-6
Let k(d) be the first derivative of d**4/4 - 11*d**3/3 + 25*d**2/2 + 14*d + 892. Determine k(7).
-7
Let a(c) = c + 11. Let f be (-101 - -113)*1/(-4). Give a(f).
8
Let b(o) = o + 7. Let a(f) = 3*f + 15. Let i be -3*(-2)/4*(-4)/(-2). Suppose 3*p - 12 = -n, i*p - 6 = -0*p - 3*n. Let r(x) = p*b(x) - 2*a(x). What is r(7)?
-2
Suppose -22*p - 22 = -20*p. Let f(u) = u**3 + 11*u**2 - 2*u - 25. Let v be f(p). Let d(g) = -g**3 - 3*g**2 + 2*g + 1. Determine d(v).
-5
Let v(j) = -9*j + 134. Let t(q) = 25*q - 367. Let m(w) = -4*t(w) - 11*v(w). Let a = -8 + 3. Give m(a).
-1
Let m(l) be the first derivative of -290 - 7*l + 4*l**2 + 3*l**2 - 8*l**2 + 3*l**2 - 2*l. Determine m(10).
31
Let k(n) = 120*n + 958. Let p(h) = h**2 - 152*h + 2287. Let u be p(17). Give k(u).
-2
Let z(u) be the first derivative of -2*u**3/3 + 9*u**2/2 - 5*u + 762. What is z(4)?
-1
Let l(w) be the second derivative of -7*w**3/6 - 35*w**2/2 + 229*w + 14. Give l(-4).
-7
Let u be (28/(-154))/(42/3003). Let k(d) = -d**2 - 17*d - 21. Calculate k(u).
31
Let i(q) be the third derivative of 1/3*q**3 - 1/24*q**4 - 41*q**2 + 0*q + 1. What is i(4)?
-2
Suppose 0 = 4*i - 7*i + 4*c + 10, 0 = 2*i - 4*c - 8. Let g = 140 + -99. Let f(k) = -24*k + g*k - 24*k - 2*k**i - 6. Determine f(-4).
-10
Let w(i) = i**3 + 9*i**2 - 10*i + 2. Suppose 0 = -3*x + x. Let r(v) = -v**3 - 4*v - 8. Let f be r(-3). Suppose x = -26*m + f*m + 50. Determine w(m).
2
Suppose 0 = -42*u + 1408 - 400. Let c(p) be the third derivative of -1/24*p**4 + 0 - 1/3*p**3 + u*p**2 + 0*p. Determine c(-5).
3
Let a(q) be the second derivative of 5 + 8*q + 1/12*q**4 + 2*q**2 + q**3. Determine a(-7).
11
Let c(b) = -8*b + 6. Let g(h) = 23*h - 18. Let l(v) = -17*c(v) - 6*g(v). Suppose -5*o - 2*x = -28, 3*o - 8*x = -7*x + 19. Determine l(o).
-6
Let r(l) = -1 + 5*l + 5*l + 2*l + 0*l. Let h be ((-143)/(-39) - 4)/(3/9). Give r(h).
-13
Let z = -281 - -289. Let m be -24*(2 - (-34)/(-8)). Let n(i) = 7 - 4 + m*i**3 + 9*i**2 - 55*i**3 - z*i. Calculate n(8).
3
Suppose 4 = 4*d - 8. Let z(n) = -n**d + 5*n - 4*n**2 - 16 + 17 - 7*n. Let h be (-6)/(-10)*5 - 1*7. Give z(h).
9
Let l(j) = -j**3 - 53*j**2 + 2*j + 102. Let i be l(-53). Let r(b) be the first derivative of -3*b**2/2 + 3*b + 7. Determine r(i).
15
Let p be 12/27 + 7856/144. Let k(d) = -d + 29 - p + 22. Suppose 13 = a + 5*f, a - 3*a - 4*f = -2. What is k(a)?
3
Let x(h) = -h**3 + h - 1. Suppose -5 + 19 = -7*t. Let z(n) = n**3 + n**2 - 3*n + 2. Let q(w) = t*x(w) - z(w). Calculate q(2).
6
Let k(a) = a**3 + 5*a**2 + 4*a. Suppose 22*r + 270 = 40*r. Suppose 30*i = 35*i + r. Determine k(i).
6
Let x(i) = 286*i + 1. Let a(w) = 567*w + 133. Let s(n) = a(n) - 2*x(n). Give s(27).
-4
Let o(x) = 2410*x - 33 - 1188*x - 1225*x. Give o(-8).
-9
Let l(m) = -2*m**2 - 13*m - 10. Let r(x) be the second derivative of x**4/12 + x**3/6 + x**2/2 - 40*x. Let o(w) = l(w) + r(w). What is o(-11)?
2
Let k(y) = -4*y + 11. Suppose 69*i - 79*i - 11 = -61. What is k(i)?
-9
Let z(k) = -5. Let g(c) = c**2 + 13*c - 44. Let v(n) = -g(n) + 5*z(n). Calculate v(-15).
-11
Let s(l) = l**3 + 3*l**2 - 3*l - 2. Let o(x) = 631*x**2 - 3*x + 2. Let y be o(1). Suppose 8*w = y + 394. Let b = -132 + w. Calculate s(b).
-6
Let a(x) = -1780 - 2*x**2 + 0*x + 3*x + 1779. Calculate a(-4).
-45
Let i(v) = v**3 - 3*v**2 - 3*v + 6. Let g be ((-2190)/4)/5 - (-6)/4. Let h = g + 111. Calculate i(h).
-3
Let a(k) = k**3 - 10*k**2 + 11*k - 6. Let q be a(9). Let h(m) = -q*m + 14*m - 5*m**3 + 1 + 4*m**3. Suppose 3*w - 9 = -3. What is h(w)?
-3
Let v(u) be the second derivative of -5*u**3/3 - 45*u**2/2 - u - 7186. What is v(-4)?
-5
Let i be -6*5/(10/9). Let n = 27 + i. Suppose 4*h - 52 = -4*o, n = -4*h - o - 4*o + 57. Let a(c) = c**3 - 9*c**2 + 9*c - 4. Give a(h).
4
Let f(r) be the second derivative of -r**3/3 + 19*r**2/2 - 146*r. Give f(18).
-17
Let u(a) = a**2 - 9*a - 12. Let o be (-195)/39 + (10 - -5). Calculate u(o).
-2
Let m(i) = -7*i - i**2 - 10 + 11 + 13*i. Let b be (-63)/(-3)*((-20)/3 - -7). Calculate m(b).
-6
Let z = -20 - -22. Suppose -q + 2 = z*s, -3*s - 5*q = -2*s - 10. Let d(g) = -g**2 + g - 3. What is d(s)?
-3
Let z(s) be the third derivative of -s**5/20 + 5*s**4/8 - s**3 - 7*s**2. Let v be z(4). Let t = v - 0. Let c(q) = -q + 7. Calculate c(t).
1
Let g(n) = -n**2 - n + 6. Suppose -5*a + 6*p - 2*p = -384, 0 = 5*a + 4*p - 376. Suppose -a = 34*v - 15*v. Calculate g(v).
-6
Let p be 3/(1 - -2)*(35 + -44). Let y(v) = 6*v - 2. What is y(p)?
-56
Let m(p) = -3*p + 59 - 24*p + p**2 + 45*p. Let h be m(-13). Let z(k) = -k - 5. Calculate z(h).
1
Let i(b) = -b**2 - 6*b + 3. Let m = -99 + 73. Let r = m + -39. Let y = r + 57. Give i(y).
-13
Let r(n) = -n**2 + 0*n**2 - 618 + 37*n - 23*n**3 + 21*n**3 + 610. What is r(4)?
-4
Let i(q) = -q**2 + 17*q + 24. Let h(w) = 33*w. Let c(p) = -50*p + 2. Let v(a) = -5*c(a) - 8*h(a). Let n be v(-2). Give i(n).
6
Let h(p) be the second derivative of -p**5/10 + 35*p**4/12 + 19*p**3/6 - 10*p**2 - 6*p - 109. Calculate h(18).
-2
Let o = -66 - 17. Let b = -81 - o. Let p(s) = s**2 - 5 - 5 - b*s**2 - 10*s. Calculate p(-9).
-1
Let d = -367 - -376. Suppose 3*o - d = 3, 4 = -v - 3*o. Let n(r) = -r - 12. Calculate n(v).
4
Let h = 83 - 96. Let d be ((-1)/2)/((26/4)/h). Let u(m) = 9*m**3 + m - 3*m + d - 2 + 6*m**3. What is u(-1)?
-14
Let c(w) = w**2 + 3*w - 24. Let a be c(-6). Let p be 11 + (-6 - a) + -2. Let y(k) = -2*k + 18. Determine y(p).
0
Let o(h) = -h**3 + 6*h**2 + 8*h. Let y(z) = -7*z + 41. Let j be y(5). Determine o(j).
48
Let b(c) = -2*c**2 - 3*c + 15. Suppose -5*s + m = 2, -4*s + 17*m - 6 = 14*m. What is b(s)?
15
Let l(u) = u**3 + 8*u**2 + 16*u - 1. Let b(z) = -6*z**3 + 3*z**2 + 4*z**2 - z**2 + z + 13*z - 1 + 7*z**3. Let k(t) = 6*b(t) - 5*l(t). What is k(3)?
2
Let m(a) = a**2 + 4*a - 2. Let t(v) = -v**2 - 5*v + 1. Suppose 0 = 69*s - 73*s + 12. Let x(l) = s*m(l) + 4*t(l). What is x(-7)?
5
Let v(q) be the third derivative of q**5/60 - q**4/8 + q**3/3 + 8*q**2. Let d(n) = n**2 + 7*n + 15. Let k be d(-3). Give v(k).
2
Let t(m) = -7*m - 8. Let v(d) = -11*d - 12. Let x(l) = -8*t(l) + 5*v(l). Let r(q) = q**2 + 56*q + 765. Let g be r(-24). Determine x(g).
1
Let r(c) be the first derivative of -34 + 1/2*c**4 + 27*c + 1/3*c**3 - 1/2*c**2. Let x(z) be the first derivative of r(z). Give x(2).
27
Let h(b) = -3*b + 15. Let d be -22 - (-5 + -14 + 10). What is h(d)?
54
Let z(i) = -5*i**3 + 5*i**2 - 7*i - 3. Let u(b) = 5*b**3 - 4*b**2 + 5*b + 2. Let l(w) = 3*u(w) + 2*z(w). Let j = -2